. List the prime factors of j.
3
Let x(f) = f**3 + 10*f**2 - 15*f - 6. Suppose -2*b = n + 21, -n - 7 = n - 3*b. What are the prime factors of x(n)?
2, 19
Suppose -11*f + 26 = 2*f. Suppose 0 = -4*q + 5*i + 325, 0 = -f*q - 2*q + 2*i + 322. What are the prime factors of q?
2, 5
Suppose -4*y + 7 = 3*x - 0*y, x - 7 = y. Suppose x - 2 = -a. Let r(w) = w**2 - 5*w - 3. List the prime factors of r(a).
3, 7
Let v(l) = 11*l - 27. Let p(d) = -10*d + 26. Let b(o) = -5*p(o) - 4*v(o). List the prime factors of b(7).
2, 5
Let r = -96 - -339. List the prime factors of r.
3
What are the prime factors of (-2103)/(-15) - (4 + 38/(-10))?
2, 5, 7
Suppose 0 = 8*v - 0*v - 0*v. Suppose -5*p + b - 2*b + 1385 = v, 253 = p + 5*b. What are the prime factors of p?
2, 139
Let u = 77 - -3. Suppose 8*o = u + 360. What are the prime factors of o?
5, 11
Suppose -26*n = -20*n - 19110. What are the prime factors of n?
5, 7, 13
Suppose 0 = 31*o + o - 7680. List the prime factors of o.
2, 3, 5
Let z = 24 + -21. Suppose 57 = -z*r + 2*r - 4*o, 2*r + 169 = 3*o. What are the prime factors of 394/11 + (-14)/r?
2, 3
Let d be 534 + 4*4/8. Suppose -122*s + 118*s + d = 0. What are the prime factors of s?
2, 67
Let l(t) = t**3 + 28*t**2 + 7*t - 31. What are the prime factors of l(-12)?
11, 199
Suppose -d - 5*u - 1241 = -6566, 0 = -2*d + 2*u + 10638. List the prime factors of d.
2, 5, 7, 19
Suppose 0 = 3*m + n + 289, 2*n - 4*n = -m - 87. Let w = 63 + m. List the prime factors of (48/32)/((-6)/w).
2
Let p(q) = 2997*q**2 + 2*q - 3. List the prime factors of p(1).
2, 7, 107
Suppose 2*i - 3*z = -2847, 7*i - 4*i + 5*z = -4223. Let a(b) = -33*b**2 + 2*b - 1. Let f be a(1). List the prime factors of 1/(-4) + i/f.
2, 11
Suppose w = -4*a - 11, 0*w - a = -5*w + 29. What are the prime factors of w?
5
Let z = 1 + 3. Let t be 1 - (8/z - 18). Let o = t - 6. List the prime factors of o.
11
Suppose -4*a - 5*v + 1153 = 0, 2*v - 856 = a - 4*a. List the prime factors of a.
2, 3, 47
Suppose -o - 1160 = -l + 479, -4903 = -3*l - 4*o. What are the prime factors of l?
1637
Suppose 3*p + 0*x = x - 92, 3*x = -5*p - 130. Suppose -t - 10 = 6. Let h = t - p. List the prime factors of h.
13
Let m be 25 + -21 + 1*-1. Suppose -2*k - 611 = -3*l, m*l + 409 = 5*l - 3*k. List the prime factors of l.
7, 29
Suppose 0 = -9*n + 20*n - 2838. What are the prime factors of n?
2, 3, 43
Suppose 18*v = 3*v + 5715. What are the prime factors of v?
3, 127
Suppose 0*l = -22*l + 1364. What are the prime factors of l?
2, 31
Let u be (-3 - -4)/((-1)/(-3)). Suppose -23 = -4*w - u. Let o = w - 0. What are the prime factors of o?
5
Suppose 2*o = -2*i + 1640, -3*o + 10*i = 15*i - 2462. List the prime factors of o.
3, 7, 13
Let w(p) = 3*p - 14. Let v be w(6). Suppose -2*l - 160 = -v*k + 3*l, -2*k + l = -80. Suppose -2*i + 32 = -k. List the prime factors of i.
2, 3
Let y be 132*((-59)/10 - (-4)/10). List the prime factors of y/(-8) - 1/(-4).
7, 13
Let h(t) = -t**3 - t**2 + 9*t - 7. Let m = 62 + -68. What are the prime factors of h(m)?
7, 17
Let r = 1 - -269. Let j = r + -85. What are the prime factors of j?
5, 37
Let q = -316 + 1496. What are the prime factors of q?
2, 5, 59
Let l = 32 + -8. Let d(s) = -s + 6*s + 17 - l. What are the prime factors of d(3)?
2
List the prime factors of (81/2)/3*(63 + -57).
3
Let j be 1290/(-45)*6/(-4). Let y = 57 - j. What are the prime factors of y?
2, 7
Suppose -s + 2*h + 2316 + 33 = 0, -5*h - 5 = 0. What are the prime factors of s?
2347
Let n(j) = 262*j + 269. List the prime factors of n(8).
5, 11, 43
Let p(y) = -96*y - 193. What are the prime factors of p(-7)?
479
Suppose -2 = c - 4. Suppose -42 = -c*l - l. What are the prime factors of l?
2, 7
Let t = 26 + -29. List the prime factors of (0 - -1)/(t/(-216)).
2, 3
Let z = 65 - -12. List the prime factors of (z - (0 - 4)) + 0/1.
3
Let o(k) = k + k - 7 + 20 + 1. Let q(f) = f**3 - 8*f**2 + 7*f. Let n be q(7). What are the prime factors of o(n)?
2, 7
Suppose 2*o + 5*s = 327, -2*s - 219 = -4*o + 399. List the prime factors of o.
2, 3, 13
Let m be 12 + -176 + 1*2. Let k = m + 230. Suppose t - 2 = 0, -t = 2*p + 2*t - k. What are the prime factors of p?
31
Suppose -2149 = -5*q - m + 172, 460 = q - 4*m. List the prime factors of q.
2, 29
Let u be (-4)/(-1) - 12/(-6)*1. Suppose -u*p = -93 - 21. What are the prime factors of p?
19
Suppose 25*a - 3975 = 20*a. List the prime factors of a.
3, 5, 53
Let n be 5 - 1/(1/2). Let q = 160 + -158. Suppose -n*t - w + 135 = 0, -112 - 20 = -3*t - q*w. List the prime factors of t.
2, 23
Let j(s) = s**2 - s. Let z be j(2). Suppose 313 = 3*i - m, 0 = -3*i - 0*i - 2*m + 319. Suppose -5*u + i = -z*u. List the prime factors of u.
5, 7
Let u(d) = 5*d - 5. Let n(g) = 4*g - 6. Let b(t) = -6*n(t) + 5*u(t). Let m be b(-8). What are the prime factors of m/(-2)*(-312)/36?
13
Let l(c) = 47*c**2 - 19*c - 7. List the prime factors of l(6).
1571
Let v(d) = -20*d**2 - 18*d - 5. Let t be v(-2). Let x be (-1)/2 - 346/4. Let y = t - x. What are the prime factors of y?
2, 19
Suppose 4*u + u = 0. Suppose u = -8*x + 12*x - 288. Suppose 3*i + i - 2*s = x, -3*i + 57 = -3*s. List the prime factors of i.
17
Let z = 298 + 718. What are the prime factors of z?
2, 127
Let a(s) = 8*s**3 + 7. Let m(t) = -8*t**3 - 6. Let o(u) = -5*a(u) - 6*m(u). Suppose -2*b - 5*f = -22, 4*b = b + 3*f - 9. List the prime factors of o(b).
3
Let g(v) = -58*v - 10*v + 2 + 0 - 5. What are the prime factors of g(-3)?
3, 67
What are the prime factors of 63/(-168) + (-35169)/(-24)?
5, 293
Suppose -5100 = -301*j + 286*j. List the prime factors of j.
2, 5, 17
Suppose 2*m + 3*k + 180 = 0, 4*m - k = 2*k - 342. Let t = 156 + m. What are the prime factors of t?
3, 23
Let i = 10 + -10. Suppose -3*u + 317 = -5*k - i*u, 297 = -5*k - 2*u. Let m = -40 - k. List the prime factors of m.
3, 7
Suppose y = 4*u - 16, 3*u - y - 2*y - 12 = 0. Suppose 2*m + 84 = 2*c, 3*c - 112 = -0*m - u*m. What are the prime factors of c?
2, 5
Let q(n) = 4*n**2 - 14*n - 46. Suppose 26 = d + 32. What are the prime factors of q(d)?
2, 7, 13
Let i = 4 - -29. Suppose 0 = -h + 4 + i. What are the prime factors of h?
37
Let m = -869 - -1056. List the prime factors of m.
11, 17
Let g(l) = -14*l**3 + 6*l**2 + 5*l - 9. What are the prime factors of g(-4)?
3, 107
Suppose 2*p + 9785 = 3*j + 2272, 5*p - 2493 = -j. What are the prime factors of j?
2503
Suppose -2864 = -8*u - 0*u. What are the prime factors of u?
2, 179
Suppose -5*u + 50 = -25. Suppose -3*b - 4*k - 43 = -u, 5*k = b + 3. What are the prime factors of (b/24)/(1/(-123))?
41
Let x(h) = -h - 3. Let i be x(0). Let z be 4/i*(-6)/4. Suppose -z*a + 28 = -10. List the prime factors of a.
19
Suppose 5*s - 4*a - 484 = 0, 2 = -4*a - 2. Suppose s + 46 = 2*m. List the prime factors of m.
71
Let p(g) = g - 6. Let a be p(3). Suppose 0 = -y + 5, 0 = -j - 2*y - 14. What are the prime factors of (-92)/a + (-8)/j?
31
Let k(z) = -z**2 - 17*z - 17. Let l be ((-4)/12 - -1)*-18. What are the prime factors of k(l)?
43
Let c be 256/(-6)*189/(-42). Let m = 13 + c. What are the prime factors of m?
5, 41
Suppose 0 = -w - 4 + 63. Let n = -35 + w. Suppose p = -4*h + 10, n = -3*p + h + 106. List the prime factors of p.
2, 13
Let q(o) = 7*o**2 - 26*o - 3. Let m be q(6). Let b = 167 - m. List the prime factors of b.
2, 37
Let d = 2401 + -1156. List the prime factors of d.
3, 5, 83
Let x = 11916 - 7908. What are the prime factors of x?
2, 3, 167
Suppose -63*f + 5*d = -58*f - 10910, 5*f + d - 10898 = 0. List the prime factors of f.
2, 5, 109
Suppose -4*g - 91 + 659 = -4*q, 2*q = -3*g + 446. What are the prime factors of g?
2, 73
Let r(m) = 7*m**3 + 2*m - 1. Let j(f) = -15*f**3 + f**2 - 4*f + 1. Let w(s) = -6*j(s) - 13*r(s). List the prime factors of w(-6).
19
Let t = 2415 - 945. What are the prime factors of t?
2, 3, 5, 7
Let v(u) = -u + 9. Let d be v(6). Let x(g) = 3*g**3 - 4*g**2 + 6*g - 1. List the prime factors of x(d).
2, 31
Let v = -35 - -515. List the prime factors of v.
2, 3, 5
Let g = 46 + -22. Let d = g + -28. What are the prime factors of 6 + -1 - (d - -5)?
2
Suppose 0 = 5*z - o - 1994, z = 2*z - 2*o - 397. List the prime factors of z.
3, 7, 19
Let z(b) be the third derivative of 1/60*b**5 + 4*b**2 + 0*b + 0 - 1/8*b**4 - 5/6*b**3. List the prime factors of z(-4).
23
Let g(y) = 7*y**2 + 38*y - 145. W